 11) to base 15.
-e4e410
1332808 (base 9) to base 5
141333020
56264526 (base 7) to base 13
10181b8
Convert 9aa8c2 (base 16) to base 6.
1001124430
-316347 (base 9) to base 16
-2dfd0
-21112221001 (base 3) to base 8
-442267
Convert -1123013124 (base 5) to base 8.
-11560312
Convert 750e76 (base 16) to base 9.
15382173
-3230032 (base 5) to base 14
-1609b
-15630a5 (base 11) to base 5
-1140400040
Convert -203212232 (base 4) to base 14.
-3b210
What is -209864 (base 10) in base 3?
-101122212202
-7561436 (base 8) to base 9
-3724635
What is 2022210201010 (base 3) in base 10?
1236171
Convert 1808463 (base 9) to base 13.
29497b
Convert 320424242 (base 5) to base 10.
1342447
What is 632433 (base 7) in base 8?
324627
What is -1b268 (base 13) in base 8?
-147640
Convert -2225251 (base 7) to base 13.
-98572
19adb (base 15) to base 16
14600
11b01b4 (base 12) to base 15
4861e7
53560136 (base 7) to base 13
c3c974
What is 110120212210012 (base 3) in base 14?
c62004
What is 2d5238 (base 16) in base 15?
3da0b3
What is 23311003 (base 4) in base 2?
1011110101000011
What is -534651 (base 7) in base 3?
-11201111020
-24818 (base 11) to base 4
-20230021
8860 (base 16) to base 3
1202220001
Convert -30a6970 (base 12) to base 6.
-524410220
-124110 (base 15) to base 16
-d577d
What is -1834a5a (base 12) in base 11?
-29380a8
-232638 (base 11) to base 2
-1011010001100101110
-3202ba (base 13) to base 14
-226d00
Convert 302270a (base 11) to base 10.
5347484
What is 1572561 (base 9) in base 14?
18a9c7
c01b9 (base 13) to base 16
53c0d
What is 1103124 (base 7) in base 16?
21180
Convert 12d3bb (base 14) to base 13.
19a472
What is -158534 (base 12) in base 10?
-367096
What is -10100001000111010110 (base 2) in base 13?
-1a14b7
212101001110 (base 3) to base 12
1a2286
What is 352175 (base 10) in base 4?
1111332233
What is -4447443 (base 9) in base 10?
-2393670
What is 43340012 (base 6) in base 15?
1a6a72
-101111010001011001 (base 2) to base 4
-233101121
Convert -51a6058 (base 11) to base 14.
-130b08b
Convert -121468 (base 12) to base 16.
-47750
-7882014 (base 9) to base 2
-10000001100101110100110
-626a7b (base 16) to base 2
-11000100110101001111011
Convert 3aa535 (base 13) to base 15.
1d1683
What is -25243 (base 8) in base 5?
-322130
Convert -49d59a (base 14) to base 10.
-2533828
-10828322 (base 9) to base 2
-10100000111101111010010
-557175 (base 12) to base 9
-2502718
Convert -9365560 (base 10) to base 12.
-3177a74
What is 3562b6a (base 12) in base 16?
9da602
Convert 10110000100001100101000 (base 2) to base 14.
aa8008
What is -112428 (base 10) in base 12?
-55090
What is -11055 (base 7) in base 16?
-ae0
Convert 110011000100100111 (base 2) to base 5.
23143231
Convert 11001110000001011 (base 2) to base 16.
19c0b
Convert 107541 (base 8) to base 7.
212004
Convert -644810 (base 10) to base 14.
-12adbc
b73c0 (base 13) to base 16
509e5
What is 25b8bd (base 14) in base 8?
4752277
542544454 (base 6) to base 12
329812a
-1837aa (base 12) to base 9
-711504
133b75 (base 12) to base 13
b1908
-6ace0 (base 15) to base 13
-bbc35
Convert 101110331 (base 4) to base 13.
263c6
Convert 20011424 (base 6) to base 14.
108904
What is -151122015 (base 6) in base 14?
-5b91c7
What is -c8b88 (base 13) in base 5?
-43043104
-2578295 (base 10) to base 3
-11211222202102
What is -164248 (base 10) in base 14?
-43c00
Convert -1000201013 (base 4) to base 13.
-9338c
What is -3002022133 (base 4) in base 7?
-6521434
Convert -1612246 (base 7) to base 2.
-110110001000001110
-101011110001101010010111 (base 2) to base 13
-24ba400
2753876 (base 10) to base 4
22200111110
-21642140 (base 7) to base 12
-765748
Convert -111203333 (base 4) to base 5.
-10311234
Convert 22b24 (base 13) to base 8.
173655
Convert -149a027 (base 12) to base 4.
-33331302133
What is -2714102 (base 8) in base 12?
-3078aa
Convert -10002000122112 (base 3) to base 7.
-16614215
62b896 (base 12) to base 3
2220222200220
1001201241 (base 5) to base 4
13202032130
-29999 (base 12) to base 4
-32101011
533475 (base 8) to base 6
3451553
What is 2012122021210 (base 3) in base 9?
2178253
What is 2ba05c (base 15) in base 6?
113114010
-6156230 (base 10) to base 3
-102120202202112
Convert 172254a (base 14) to base 6.
1043510222
Convert -2590948 (base 10) to base 2.
-1001111000100011100100
Convert -576a33 (base 12) to base 6.
-50010503
Convert 1800426 (base 11) to base 5.
1240413411
Convert 6c2d7 (base 14) to base 10.
264005
133086 (base 9) to base 6
1422553
-b39662 (base 13) to base 7
-50422666
What is -1a415 (base 12) in base 11?
-2700a
What is -c3c09 (base 16) in base 14?
-16c2b7
What is 101011011111010111011111 (base 2) in base 12?
399973b
What is 41121454 (base 6) in base 11?
734468
What is 47603 (base 14) in base 5?
21032201
-1010020210010 (base 3) to base 12
-2486b6
59143 (base 11) to base 5
10212402
1754981 (base 10) to base 4
12230131211
Convert -2130322 (base 6) to base 7.
-615260
Convert 11323110 (base 6) to base 10.
353202
3526543 (base 9) to base 14
379228
Convert 1053325 (base 6) to base 15.
10e8e
Convert 103010131 (base 4) to base 12.
39251
Convert 1777 (base 12) to base 14.
105d
-3116033 (base 10) to base 16
-2f8c01
52101235 (base 6) to base 14
2b107d
What is 2303222044 (base 5) in base 7?
61425233
Convert -40635 (base 10) to base 9.
-61660
1430231 (base 5) to base 11
20653
13607628 (base 10) to base 15
12dbd53
28165472 (base 9) to base 12
47b360b
Convert 4067400 (base 9) to base 7.
24310104
-2a404 (base 15) to base 16
-212e0
What is -4324301 (base 5) in base 4?
-101333211
What is 28c74a (base 15) in base 11?
1123008
What is 4133412 (base 5) in base 16?
1098e
-23530360 (base 7) to base 4
-13332213010
What is feae0 (base 16) in base 4?
3332223200
Convert 211210221 (base 3) to base 2.
100000011110110
-333144 (base 5) to base 15
-36d4
Convert 179a2 (base 13) to base 14.
12889
-133133001 (base 4) to base 15
-28326
Convert 24317 (base 13) to base 12.
32545
1ba20 (base 16) to base 12
55600
24124441 (base 5) to base 13
7aac3
Convert -13122040301 (base 5) to base 6.
-1335202221
Convert 121110201212220 (base 3) to base 8.
41311124
Convert -5e7e1 (base 16) to base 4.
-1132133201
What is 202132304 (base 5) in base 9?
1475758
Convert -21232324 (base 6) to base 7.
-5216413
-3012121330 (base 4) to base 5
-202001133
What is -15a27 (base 15) in base 8?
-210233
What is -1001101000101011 (base 2) in base 7?
-223031
-188311a (base 12) to base 14
-980098
What is -5242670 (base 8) in base 12?
-572934
What is 177037 (base 10) in base 4?
223032031
Convert -13012443 (base 6) to base 14.
-ada0b
25bb53a (base 12) to base 8
34362076
What is -2144bb (base 12) in base 3?
-222201120122
What is 2050133 (base 8) in base 5?
114413414
What is 64043642 (base 7) in base 13?
117b384
What is 70305 (base 12) in base 16?
238b5
Convert -102097 (base 14) to base 4.
-2010223111
-602e5 (base 15) to base 16
-4a51f
What is -1e32a (base 15) in base 8?
-300436
13105305 (base 6) to base 8
1505511
What is -1010101000100111010000 (base 2) in base 14?
-527d60
Convert -37801 (base 14) to base 12.
-66875
What is 1010101101101010101101 (base 2) in base 5?
1204332433
What is 432222100 (base 5) in base 9?
3407338
What is -3012485 (base 13) in base 3?
-1000022101200202
Convert 353a91 (base 11) to base 9.
1045407
101001101100000 (base 2) to base 10
21344
-17b18 (base 15) to base 8
-225714
Convert -212413244 (base 6) to base 16.
-39757c
Convert 50203 (base 8) to base 10.
20611
What is -96011b (base 12) in base 13?
-64a078
What is 1421021 (base 9) in base 14?
164b3d
4052133 (base 6) to base 13
6a16a
What is 132301320003 (base 4) in base 8?
36617003
-226661 (base 8) to base 5
-4432413
What is 13b6419 (base 12) in base 7?
45520560
Convert 156631 (base 9) to base 16.
179e6
Convert 101101010010011000 (base 2) to base 14.
4b85a
What is 15561273 (base 8) in base 11?
2037519
3363516 (base 7) to base 11
266935
Convert -3a4758 (base 12) to base 5.
-221234334
Convert -11232003233 (base 4) to base 7.
-15513233
Convert 131374 (base 8) to base 9.
68761
What is 12021010 (base 7) in base 13?
2b33a8
What is 749952 (base 10) in base 9?
1362660
Convert -110110120112212 (base 3) to base 14.
-c4641a
43a5 (base 16) to base 14
644d
Convert -10324311 (base 5) to base 11.
-61130
Convert 2020211000110 (base 3) to base 14.
232342
What is -1403440